269287. What is the tens digit of w?
7
Suppose 2*i + 782 = -4*w, 0 = 4*i + 14*w - 12*w + 1582. Let j = i - -714. What is the hundreds digit of j?
3
Let l be ((15 - 8) + -7)/(1 - 2). Suppose l = -14*v + 13*v + 1146. Suppose -r - v = -7*r. What is the hundreds digit of r?
1
Suppose -55*v + 62*v + 91 = 0. Let d(i) = -111*i + 185. What is the tens digit of d(v)?
2
Let r(f) = -9*f**2 - 26*f + 2. Let d be r(-3). Let o(w) = 899*w**2 + 5*w - 2. What is the units digit of o(d)?
2
Let u(j) = 3 + 211*j**2 - 5 + 25*j**2 - j. What is the hundreds digit of u(-1)?
2
Suppose -7*l - 3*l + 50 = 0. Suppose -l*n - 195 = 3*d, 4*d - 47 = n - 8. Let r = 3 - n. What is the tens digit of r?
4
Let g(c) = -3*c**2 - 2*c + 3. Let v(y) = -y**2. Let a(s) = -g(s) + 2*v(s). Let q be a(-4). Suppose -3*w - 140 = -q*w. What is the units digit of w?
0
Let y = 54996 - 24974. What is the hundreds digit of y?
0
Suppose -4*c + 4*n = -976, -4*n - 7 = c - 256. Suppose -8*i + 3*i = -625. Suppose 3*b - i = -2*y, -5*b = 3*y - 7*y - c. What is the units digit of b?
5
Let k = -2332 - -3625. What is the hundreds digit of k?
2
Let f = 2 + -17. Let m be (-4)/26 + (f/(-13) - -3). Suppose -r = -3*l + 409, -m*l + 539 = -2*r + 7*r. What is the units digit of l?
6
Let z = -62052 - -108790. What is the tens digit of z?
3
Let m(y) = -y - 6. Let g be m(-8). Let f be 253 + 4 + g + -4. Suppose -9*n + 6*n = -f. What is the tens digit of n?
8
Let n = -32 - 53. Let f = n - -90. Suppose -a = -f*a + 844. What is the hundreds digit of a?
2
Suppose 3*x - 4*g - 63 + 293 = 0, 0 = -2*x + 2*g - 154. Let l be x/(-13)*(-3)/(-2). What is the units digit of 2/(l/((-2565)/(-10)))?
7
Let k(b) = -b**3 - 34*b**2 - 104*b - 1346. What is the units digit of k(-37)?
9
Let w(p) = 10*p**3 - 5*p**2 - 16*p + 14. Let d(m) = m**3 - m. Let u(x) = -6*d(x) + w(x). What is the tens digit of u(6)?
3
Suppose 55*m = 59*m. Suppose m = -5*a - 3 + 18, 3*l - 4*a - 1038 = 0. What is the units digit of l?
0
Let p = 11586 + -6068. What is the thousands digit of p?
5
Suppose m = -2*d + 3*d - 21223, -5*d - 13*m + 106025 = 0. What is the hundreds digit of d?
2
Let n = -32829 - -59406. What is the tens digit of n?
7
Suppose 0 = -34*o + 1035808 - 156092. What is the units digit of o?
4
Let d be 0*(-3)/9 + 0. Suppose -7*h = -5*h - 4*z, -h + 4*z = d. Suppose 57*t - 53*t - 860 = h. What is the units digit of t?
5
Let h = -43057 + 64679. What is the ten thousands digit of h?
2
Suppose 5*g = -4*i + 37, 7*g - 22 = -4*i + 5*g. Suppose -2*r + 223 = -5*h + 79, -3*r + i*h + 198 = 0. What is the units digit of r?
2
Let w(i) = -i**3 - 7*i**2 - i - 2. Let p = -8 - -1. Let l be w(p). Suppose -2*s + l*g = s - 256, -439 = -5*s - 4*g. What is the tens digit of s?
8
Let p = -93 - -109. Let w(n) = 3*n - 52. Let x be w(p). What is the units digit of (13 - 7)*(-114)/x?
1
Let x be (90/(-25))/(4/(-10)). Let i(d) = d**3 - 2*d**2 - 5*d + 13. What is the units digit of i(x)?
5
Let q(x) = 2*x**2 + 23*x + 24. Let z(c) = -3*c**2 - 24*c - 23. Let i(j) = 4*q(j) + 3*z(j). Let p be 7*(6/3 + 1). What is the units digit of i(p)?
6
Let d = -27 + -24. Let t = d + 48. What is the tens digit of t/2*(-488)/12?
6
Suppose -4*k + 2*b = 822 + 4434, -2*k - 2628 = 2*b. Let i = 1909 + k. What is the units digit of i?
5
Let m(x) = x**3 - 10*x**2 - 11*x. Let y be m(11). Suppose 2*g = -5*i + 18, 0 = 5*g - 4*i - y*i - 12. Suppose -g*t + 488 = -40. What is the units digit of t?
2
Let o = -49 - -52. Suppose o*v - 4 = v. Suppose 3*y - 5*s - 140 = 0, -92 = -2*y + v*s + 2*s. What is the units digit of y?
0
Let m be 0/1*(-1 + 0/(-5)). What is the units digit of (m - -9) + 781 + -5 + 0?
5
Let q(f) = 132*f**3 - 9*f**2 - 41*f + 21. What is the ten thousands digit of q(5)?
1
Let f(z) = -91*z - 707. What is the thousands digit of f(-57)?
4
What is the tens digit of 746*16 - (3/51 - (-737)/187)?
3
Let s = -53 - -56. Suppose -4*j = s - 11. What is the tens digit of (40/6)/(j + (-24)/18)?
1
Let a(t) = -26*t - 36. Let h be a(11). Let o be 6*1/8 - h/8. Suppose -o + 35 = -p. What is the units digit of p?
6
Suppose 8*j + 12 = 2*j. What is the units digit of (36/(-8))/(-9)*j - -77?
6
Let n = -34 + 23. Let v be (-1289)/n - (-2)/(-11). Suppose 3*b = -4*y + 528, -v = -4*y + 3*y + 3*b. What is the tens digit of y?
2
Let x(u) = -528*u - 3481. What is the hundreds digit of x(-85)?
3
Suppose -g = -t - 4321, 4*g - 21394 = -2*t - 4140. Suppose 3*w + 10*w - g = 0. Suppose -3*m + 0*h = 3*h - 360, 3*m - 4*h = w. What is the tens digit of m?
1
Let j(f) = -4*f**2 - f + 4. Let d be j(2). Let z = d - -16. Suppose x - z = 38. What is the units digit of x?
0
Let q(d) = -1817*d + 976. What is the units digit of q(-3)?
7
Suppose -105836 - 83154 = -10*z. What is the tens digit of z?
9
Let q(h) be the third derivative of h**5/30 + h**4/6 - h**3 - h**2. Suppose 2*z = -2*c + 20, -70*c = -71*c - 5*z + 34. What is the units digit of q(c)?
2
Suppose -2497*h = -2495*h - 14482. What is the tens digit of h?
4
Suppose 3*y - 6*y - 87 = 0. Let g = 138 + y. Suppose o - g = 36. What is the hundreds digit of o?
1
Let b = -505 + 346. Let h = b - -181. What is the tens digit of h?
2
Suppose 0 = -4*b - 27*g + 23*g + 62476, 5*b = -g + 78107. What is the ten thousands digit of b?
1
Suppose -8*l + 9520 = -41171 - 23093. What is the tens digit of l?
2
Let j be 1049 + 0 - (9 + -7). Suppose x - 1745 = -4*x - 2*t, 0 = -3*x + t + j. What is the hundreds digit of x?
3
Suppose 165*x + 16622 - 719495 = 51507. What is the units digit of x?
2
Let s(q) = -4*q - 3 + 3*q - 20*q - 34. Let h be s(-12). Suppose -t - 369 = -6*t + 3*k, -3*t + h = -5*k. What is the units digit of t?
5
Let o = 386 - 398. Let c(x) = 2*x - 19. Let q(j) = -10*j + 94. Let r(u) = -11*c(u) - 2*q(u). What is the tens digit of r(o)?
4
Suppose 5260 = -9*q + 34591. What is the thousands digit of q?
3
Suppose -3*p = 0, 5*p + 62 + 13 = -5*g. Let c = g + 377. What is the units digit of c?
2
Let y = 16312 - -2926. What is the hundreds digit of y?
2
Let f(v) = v**3 - 5*v - 9. Let b be f(-2). Let d be ((-517)/(-4))/(b/(-28)). Suppose -5*i = -463 - d. What is the hundreds digit of i?
1
Let j(q) = -2*q**2 + 18*q - 5. Let g be j(19). Let u = 465 + g. What is the units digit of u?
0
What is the thousands digit of (0 - (-24495)/10)*(-10)/(-15)?
1
Let k = 391 + -387. Suppose 5*z - 2827 = -k*n, -20*n + 15*n - 5*z = -3530. What is the hundreds digit of n?
7
Suppose 2*d - 696 + 80 = -n, 5*d - 1551 = 3*n. Suppose 7*c + y + 411 = 5*c, -2*c - 4*y - 426 = 0. Let p = d + c. What is the hundreds digit of p?
1
Let f be (-15 + 44)/((-3)/(-33)). Suppose 324*y - f*y - 4500 = 0. What is the tens digit of y?
0
Suppose 157*l = 153*l + 16. Suppose -3*s - 5 = -l*s. What is the units digit of s?
5
What is the units digit of (7752/(-15))/((-162)/6885)?
4
Let g be (244/793)/((-4)/(-26)). What is the hundreds digit of -669*(-2)/12*g?
2
Let y(j) = 441*j**2 + 20*j - 5. What is the units digit of y(-6)?
1
Let l(b) = -b**3 - 2*b**2 + 8*b + 107. Let r = 576 - 586. What is the units digit of l(r)?
7
Let x(q) = q**3 + 8*q**2 - q + 1. Let r be x(-8). Suppose a - 4 = r. Suppose 2*y = 115 + a. What is the units digit of y?
4
Suppose -13*y + 176960 + 221854 = 0. What is the hundreds digit of y?
6
Let s be -6 - 9*(0/(-2) - 1). Suppose -6*c = -c - s*x - 3555, -3*c - 2*x = -2152. What is the tens digit of c?
1
Let x be 3/((-108)/8) + 983/9. Let j = x + -80. What is the units digit of j?
9
Let x(r) = -18*r**3 - 28*r**2 + 11*r + 308. What is the thousands digit of x(-12)?
7
Let u be 1/(12/39) + 12/16. Suppose -u*r + 4*p = 0, 0*p = 3*r + 3*p - 12. Suppose r*m - 191 = -5*a + 84, 4*m - 4*a - 620 = 0. What is the units digit of m?
0
Suppose n + 6*x - 14058 = 7*x, 0 = -2*n - 5*x + 28123. What is the tens digit of n?
5
What is the hundreds digit of 50/(10 + 103341/(-10336))?
2
What is the hundreds digit of (-176731)/(-186)*6 - (0 + 6)?
6
Let p(j) = -j**3 + 14*j**2 + j - 10. Let f = 47 - 33. Let l be p(f). What is the units digit of (3 - l/4) + 11/1?
3
Let w(a) = -1201*a + 52. What is the hundreds digit of w(-5)?
0
Let b be (-171056)/(-112) + (-4)/14. Suppose -606 = -2*l + 2*a, -3*a + b = 5*l - 4*a. What is the units digit of l?
6
Let o(f) = 138*f - 1413. What is the thousands digit of o(108)?
3
Let f(w) = w - 1. Suppose 6*m = 14*m - 8. Let p be f(m). Suppo